{"id":19,"date":"2024-05-03T06:27:42","date_gmt":"2024-05-03T06:27:42","guid":{"rendered":"https:\/\/brelgitude.be\/?page_id=19"},"modified":"2026-01-27T06:23:19","modified_gmt":"2026-01-27T06:23:19","slug":"accueil","status":"publish","type":"page","link":"https:\/\/brelgitude.be\/","title":{"rendered":"Accueil"},"content":{"rendered":"<p>[et_pb_section fb_built=\u00a0\u00bb1&Prime; _builder_version=\u00a0\u00bb4.25.0&Prime; _module_preset=\u00a0\u00bbdefault\u00a0\u00bb max_height=\u00a0\u00bb1308px\u00a0\u00bb max_height_tablet=\u00a0\u00bb579px\u00a0\u00bb max_height_phone=\u00a0\u00bb579px\u00a0\u00bb max_height_last_edited=\u00a0\u00bbon|desktop\u00a0\u00bb global_colors_info=\u00a0\u00bb{}\u00a0\u00bb][et_pb_row _builder_version=\u00a0\u00bb4.27.4&Prime; _module_preset=\u00a0\u00bbdefault\u00a0\u00bb module_alignment=\u00a0\u00bbcenter\u00a0\u00bb global_colors_info=\u00a0\u00bb{}\u00a0\u00bb][et_pb_column type=\u00a0\u00bb4_4&Prime; _builder_version=\u00a0\u00bb4.27.4&Prime; _module_preset=\u00a0\u00bbdefault\u00a0\u00bb global_colors_info=\u00a0\u00bb{}\u00a0\u00bb][et_pb_text _builder_version=\u00a0\u00bb4.27.4&Prime; _module_preset=\u00a0\u00bbdefault\u00a0\u00bb custom_padding=\u00a0\u00bb20px|20px|20px|20px|false|false\u00a0\u00bb border_radii=\u00a0\u00bbon|10px|10px|10px|10px\u00a0\u00bb border_width_all=\u00a0\u00bb2px\u00a0\u00bb border_color_all=\u00a0\u00bb#E02B20&Prime; box_shadow_style=\u00a0\u00bbpreset2&Prime; global_colors_info=\u00a0\u00bb{}\u00a0\u00bb]<\/p>\n<h3 style=\"text-align: center;\"><\/h3>\n<p style=\"text-align: justify;\">Brel est mort mais il chante encore ! Il est l\u00e0, avec ses bonbons, son enfance et ses amours qui ont mal aux dents\u2026 ses mots br\u00fblent toujours bien au-del\u00e0 des tours de Bruges et Gand.<br \/>Dans ce spectacle intitul\u00e9 \u00ab Brelgitude \u00bb et qui reprend, bien s\u00fbr, quelques-unes des plus belles chansons du grand Jacques, Denis Gabriel et ses musiciens esquivent les caricatures gomin\u00e9es et poussi\u00e9reuses, ils s\u2019\u00e9loignent d\u00e9lib\u00e9r\u00e9ment de l\u2019hologramme pour plonger, le coeur en d\u00e9route, le corps en d\u00e9bandade, au ventre du g\u00e9ant flamand.<br \/>Du plat pays aux remparts de Varsovie, de Bruxelles aux Marquises, de l\u2019enfance aux vieux amants c\u2019est tout un univers qui flamboie, qui tremble, entre les chants de l\u2019espoir et les cris de la d\u00e9sesp\u00e9rance. Un spectacle vibrant, unique, intense, int\u00e8gre,\u2026<\/p>\n<p style=\"text-align: center;\">\n<p>[\/et_pb_text][\/et_pb_column][\/et_pb_row][et_pb_row column_structure=\u00a0\u00bb1_3,1_3,1_3&Prime; _builder_version=\u00a0\u00bb4.25.0&Prime; _module_preset=\u00a0\u00bbdefault\u00a0\u00bb global_colors_info=\u00a0\u00bb{}\u00a0\u00bb][et_pb_column type=\u00a0\u00bb1_3&Prime; _builder_version=\u00a0\u00bb4.25.0&Prime; _module_preset=\u00a0\u00bbdefault\u00a0\u00bb global_colors_info=\u00a0\u00bb{}\u00a0\u00bb][et_pb_video src=\u00a0\u00bbhttps:\/\/brelgitude.be\/wp-content\/uploads\/2025\/02\/Madeleine0001-0520.mp4&Prime; _builder_version=\u00a0\u00bb4.27.4&Prime; _module_preset=\u00a0\u00bbdefault\u00a0\u00bb border_radii=\u00a0\u00bbon|10px|10px|10px|10px\u00a0\u00bb box_shadow_style=\u00a0\u00bbpreset2&Prime; global_colors_info=\u00a0\u00bb{}\u00a0\u00bb][\/et_pb_video][et_pb_testimonial author=\u00a0\u00bbDenis GABRIEL\u00a0\u00bb portrait_url=\u00a0\u00bbhttps:\/\/brelgitude.be\/wp-content\/uploads\/2025\/02\/IMG_7369-scaled.jpg\u00a0\u00bb _builder_version=\u00a0\u00bb4.27.4&Prime; _module_preset=\u00a0\u00bbdefault\u00a0\u00bb border_radii=\u00a0\u00bbon|10px|10px|10px|10px\u00a0\u00bb box_shadow_style=\u00a0\u00bbpreset2&Prime; global_colors_info=\u00a0\u00bb{}\u00a0\u00bb]<\/p>\n<p><em>Chanter Brel pour des \u00e9tudiants de 5\u00e8me avec mes deux complices Violetta et Joseph c&rsquo;est vraiment sympa.<\/em><\/p>\n<p>[\/et_pb_testimonial][\/et_pb_column][et_pb_column type=\u00a0\u00bb1_3&Prime; _builder_version=\u00a0\u00bb4.27.4&Prime; _module_preset=\u00a0\u00bbdefault\u00a0\u00bb global_colors_info=\u00a0\u00bb{}\u00a0\u00bb][et_pb_gallery gallery_ids=\u00a0\u00bb70,90,91,92,113,114,115,116,117,118,119,120,121&Prime; gallery_orderby=\u00a0\u00bbrand\u00a0\u00bb fullwidth=\u00a0\u00bbon\u00a0\u00bb _builder_version=\u00a0\u00bb4.27.4&Prime; _module_preset=\u00a0\u00bbdefault\u00a0\u00bb auto=\u00a0\u00bbon\u00a0\u00bb border_radii=\u00a0\u00bbon|10px|10px|10px|10px\u00a0\u00bb box_shadow_style=\u00a0\u00bbpreset2&Prime; global_colors_info=\u00a0\u00bb{}\u00a0\u00bb][\/et_pb_gallery][et_pb_testimonial author=\u00a0\u00bbJean-Marc Onkelinx\u00a0\u00bb company_name=\u00a0\u00bbU3A &#8211; Li\u00e8ge\u00a0\u00bb portrait_url=\u00a0\u00bbhttps:\/\/brelgitude.be\/wp-content\/uploads\/2025\/05\/407297432_728612265994358_9188012197354432316_n.jpg\u00a0\u00bb _builder_version=\u00a0\u00bb4.27.4&Prime; _module_preset=\u00a0\u00bbdefault\u00a0\u00bb min_height=\u00a0\u00bb149px\u00a0\u00bb custom_padding=\u00a0\u00bb20px||20px||false|false\u00a0\u00bb border_radii=\u00a0\u00bbon|10px|10px|10px|10px\u00a0\u00bb box_shadow_style=\u00a0\u00bbpreset2&Prime; global_colors_info=\u00a0\u00bb{}\u00a0\u00bb]<\/p>\n<p><span>Le baryton Denis Gabriel nous offrait un r\u00e9cital Jacques Brel m\u00e9morable et bouleversant. <a href=\"https:\/\/jmomusique.blog\/2025\/05\/18\/denis-gabriel-chante-jacques-brel\/?fbclid=IwY2xjawKZBopleHRuA2FlbQIxMQBicmlkETBuVlpPMkxJSWpUVmpibTRRAR6YjP4Qf1MgQcdeoFpxKFcwHEoeAeQ3r50sfwPp27Br-I5vJIxtS9BiaWd3TQ_aem_8K2gqxQSAA8s-X0eGbYFdQ\">Lire la suite&#8230;.<\/a><\/span><\/p>\n<p>[\/et_pb_testimonial][\/et_pb_column][et_pb_column type=\u00a0\u00bb1_3&Prime; _builder_version=\u00a0\u00bb4.27.4&Prime; _module_preset=\u00a0\u00bbdefault\u00a0\u00bb global_colors_info=\u00a0\u00bb{}\u00a0\u00bb][et_pb_audio audio=\u00a0\u00bbhttps:\/\/brelgitude.be\/wp-content\/uploads\/2024\/05\/BRELGITUDEDGA.wav\u00a0\u00bb title=\u00a0\u00bbDenis Gabriel chante Jacques BREL\u00a0\u00bb image_url=\u00a0\u00bbhttps:\/\/brelgitude.be\/wp-content\/uploads\/2024\/05\/COB225RWXBA6HBWGDU5XORTWEU.jpg\u00a0\u00bb _builder_version=\u00a0\u00bb4.25.0&Prime; _module_preset=\u00a0\u00bbdefault\u00a0\u00bb border_radii=\u00a0\u00bbon|10px|10px|10px|10px\u00a0\u00bb global_colors_info=\u00a0\u00bb{}\u00a0\u00bb][\/et_pb_audio][et_pb_text _builder_version=\u00a0\u00bb4.27.4&Prime; _module_preset=\u00a0\u00bbdefault\u00a0\u00bb custom_padding=\u00a0\u00bb20px|20px|20px|20px|false|false\u00a0\u00bb link_option_url=\u00a0\u00bbhttps:\/\/brelgitude.be\/wp-content\/uploads\/2025\/02\/Madeleine0001-0520.mp4&Prime; border_radii=\u00a0\u00bbon|10px|10px|10px|10px\u00a0\u00bb border_width_all=\u00a0\u00bb2px\u00a0\u00bb border_color_all=\u00a0\u00bb#E09900&Prime; box_shadow_style=\u00a0\u00bbpreset2&Prime; global_colors_info=\u00a0\u00bb{}\u00a0\u00bb]<\/p>\n<p>Extrait: \u00ab\u00a0Madeleine&#8230;.\u00a0\u00bb<\/p>\n<div dir=\"auto\">Merci \u00e0 vous lors du concert au @foyer culturel Jupille-Wandre.<\/div>\n<div dir=\"auto\">Petit cadeau en tant que souvenir: extrait de \u00ab\u00a0Madeleine\u00a0\u00bb<\/div>\n<div dir=\"auto\">Au plaisir de vous rencontrer lors d&rsquo;un <span class=\"html-span xdj266r x11i5rnm xat24cr x1mh8g0r xexx8yu x4uap5 x18d9i69 xkhd6sd x1hl2dhg x16tdsg8 x1vvkbs\"><a class=\"html-a xdj266r x11i5rnm xat24cr x1mh8g0r xexx8yu x4uap5 x18d9i69 xkhd6sd x1hl2dhg x16tdsg8 x1vvkbs\" tabindex=\"-1\"><\/a><\/span>autre concert&#8230;. Brelgitude.<\/div>\n<p>[\/et_pb_text][\/et_pb_column][\/et_pb_row][\/et_pb_section]<\/p>\n","protected":false},"excerpt":{"rendered":"<p>Brel est mort mais il chante encore ! Il est l\u00e0, avec ses bonbons, son enfance et ses amours qui ont mal aux dents\u2026 ses mots br\u00fblent toujours bien au-del\u00e0 des tours de Bruges et Gand.Dans ce spectacle intitul\u00e9 \u00ab Brelgitude \u00bb et qui reprend, bien s\u00fbr, quelques-unes des plus belles chansons du grand Jacques, [&hellip;]<\/p>\n","protected":false},"author":2,"featured_media":0,"parent":0,"menu_order":0,"comment_status":"closed","ping_status":"closed","template":"","meta":{"_et_pb_use_builder":"on","_et_pb_old_content":"<!-- wp:divi\/placeholder \/-->","_et_gb_content_width":"","footnotes":""},"class_list":["post-19","page","type-page","status-publish","hentry"],"_links":{"self":[{"href":"https:\/\/brelgitude.be\/index.php?rest_route=\/wp\/v2\/pages\/19"}],"collection":[{"href":"https:\/\/brelgitude.be\/index.php?rest_route=\/wp\/v2\/pages"}],"about":[{"href":"https:\/\/brelgitude.be\/index.php?rest_route=\/wp\/v2\/types\/page"}],"author":[{"embeddable":true,"href":"https:\/\/brelgitude.be\/index.php?rest_route=\/wp\/v2\/users\/2"}],"replies":[{"embeddable":true,"href":"https:\/\/brelgitude.be\/index.php?rest_route=%2Fwp%2Fv2%2Fcomments&post=19"}],"version-history":[{"count":47,"href":"https:\/\/brelgitude.be\/index.php?rest_route=\/wp\/v2\/pages\/19\/revisions"}],"predecessor-version":[{"id":203,"href":"https:\/\/brelgitude.be\/index.php?rest_route=\/wp\/v2\/pages\/19\/revisions\/203"}],"wp:attachment":[{"href":"https:\/\/brelgitude.be\/index.php?rest_route=%2Fwp%2Fv2%2Fmedia&parent=19"}],"curies":[{"name":"wp","href":"https:\/\/api.w.org\/{rel}","templated":true}]}}

<p>[et_pb_section fb_built= »1&Prime; _builder_version= »4.25.0&Prime; _module_preset= »default » max_height= »1308px » max_height_tablet= »579px » max_height_phone= »579px » max_height_last_edited= »on|desktop » global_colors_info= »{} »][et_pb_row _builder_version= »4.27.4&Prime; _module_preset= »default » module_alignment= »center » global_colors_info= »{} »][et_pb_column type= »4_4&Prime; _builder_version= »4.27.4&Prime; _module_preset= »default » global_colors_info= »{} »][et_pb_text _builder_version= »4.27.4&Prime; _module_preset= »default » custom_padding= »20px|20px|20px|20px|false|false » border_radii= »on|10px|10px|10px|10px » border_width_all= »2px » border_color_all= »#E02B20&Prime; box_shadow_style= »preset2&Prime; global_colors_info= »{} »]</p>
<h3 style="text-align: center;"></h3>
<p style="text-align: justify;">Brel est mort mais il chante encore ! Il est là, avec ses bonbons, son enfance et ses amours qui ont mal aux dents… ses mots brûlent toujours bien au-delà des tours de Bruges et Gand.<br />Dans ce spectacle intitulé « Brelgitude » et qui reprend, bien sûr, quelques-unes des plus belles chansons du grand Jacques, Denis Gabriel et ses musiciens esquivent les caricatures gominées et poussiéreuses, ils s’éloignent délibérément de l’hologramme pour plonger, le coeur en déroute, le corps en débandade, au ventre du géant flamand.<br />Du plat pays aux remparts de Varsovie, de Bruxelles aux Marquises, de l’enfance aux vieux amants c’est tout un univers qui flamboie, qui tremble, entre les chants de l’espoir et les cris de la désespérance. Un spectacle vibrant, unique, intense, intègre,…</p>
<p style="text-align: center;">
<p>[/et_pb_text][/et_pb_column][/et_pb_row][et_pb_row column_structure= »1_3,1_3,1_3&Prime; _builder_version= »4.25.0&Prime; _module_preset= »default » global_colors_info= »{} »][et_pb_column type= »1_3&Prime; _builder_version= »4.25.0&Prime; _module_preset= »default » global_colors_info= »{} »][et_pb_video src= »https://brelgitude.be/wp-content/uploads/2025/02/Madeleine0001-0520.mp4&Prime; _builder_version= »4.27.4&Prime; _module_preset= »default » border_radii= »on|10px|10px|10px|10px » box_shadow_style= »preset2&Prime; global_colors_info= »{} »][/et_pb_video][et_pb_testimonial author= »Denis GABRIEL » portrait_url= »https://brelgitude.be/wp-content/uploads/2025/02/IMG_7369-scaled.jpg » _builder_version= »4.27.4&Prime; _module_preset= »default » border_radii= »on|10px|10px|10px|10px » box_shadow_style= »preset2&Prime; global_colors_info= »{} »]</p>
<p><em>Chanter Brel pour des étudiants de 5ème avec mes deux complices Violetta et Joseph c&rsquo;est vraiment sympa.</em></p>
<p>[/et_pb_testimonial][/et_pb_column][et_pb_column type= »1_3&Prime; _builder_version= »4.27.4&Prime; _module_preset= »default » global_colors_info= »{} »][et_pb_gallery gallery_ids= »70,90,91,92,113,114,115,116,117,118,119,120,121&Prime; gallery_orderby= »rand » fullwidth= »on » _builder_version= »4.27.4&Prime; _module_preset= »default » auto= »on » border_radii= »on|10px|10px|10px|10px » box_shadow_style= »preset2&Prime; global_colors_info= »{} »][/et_pb_gallery][et_pb_testimonial author= »Jean-Marc Onkelinx » company_name= »U3A &#8211; Liège » portrait_url= »https://brelgitude.be/wp-content/uploads/2025/05/407297432_728612265994358_9188012197354432316_n.jpg » _builder_version= »4.27.4&Prime; _module_preset= »default » min_height= »149px » custom_padding= »20px||20px||false|false » border_radii= »on|10px|10px|10px|10px » box_shadow_style= »preset2&Prime; global_colors_info= »{} »]</p>
<p><span>Le baryton Denis Gabriel nous offrait un récital Jacques Brel mémorable et bouleversant. <a href="https://jmomusique.blog/2025/05/18/denis-gabriel-chante-jacques-brel/?fbclid=IwY2xjawKZBopleHRuA2FlbQIxMQBicmlkETBuVlpPMkxJSWpUVmpibTRRAR6YjP4Qf1MgQcdeoFpxKFcwHEoeAeQ3r50sfwPp27Br-I5vJIxtS9BiaWd3TQ_aem_8K2gqxQSAA8s-X0eGbYFdQ">Lire la suite&#8230;.</a></span></p>
<p>[/et_pb_testimonial][/et_pb_column][et_pb_column type= »1_3&Prime; _builder_version= »4.27.4&Prime; _module_preset= »default » global_colors_info= »{} »][et_pb_audio audio= »https://brelgitude.be/wp-content/uploads/2024/05/BRELGITUDEDGA.wav » title= »Denis Gabriel chante Jacques BREL » image_url= »https://brelgitude.be/wp-content/uploads/2024/05/COB225RWXBA6HBWGDU5XORTWEU.jpg » _builder_version= »4.25.0&Prime; _module_preset= »default » border_radii= »on|10px|10px|10px|10px » global_colors_info= »{} »][/et_pb_audio][et_pb_text _builder_version= »4.27.4&Prime; _module_preset= »default » custom_padding= »20px|20px|20px|20px|false|false » link_option_url= »https://brelgitude.be/wp-content/uploads/2025/02/Madeleine0001-0520.mp4&Prime; border_radii= »on|10px|10px|10px|10px » border_width_all= »2px » border_color_all= »#E09900&Prime; box_shadow_style= »preset2&Prime; global_colors_info= »{} »]</p>
<p>Extrait: « Madeleine&#8230;. »</p>
<div dir="auto">Merci à vous lors du concert au @foyer culturel Jupille-Wandre.</div>
<div dir="auto">Petit cadeau en tant que souvenir: extrait de « Madeleine »</div>
<div dir="auto">Au plaisir de vous rencontrer lors d&rsquo;un <span class="html-span xdj266r x11i5rnm xat24cr x1mh8g0r xexx8yu x4uap5 x18d9i69 xkhd6sd x1hl2dhg x16tdsg8 x1vvkbs"><a class="html-a xdj266r x11i5rnm xat24cr x1mh8g0r xexx8yu x4uap5 x18d9i69 xkhd6sd x1hl2dhg x16tdsg8 x1vvkbs" tabindex="-1"></a></span>autre concert&#8230;. Brelgitude.</div>
<p>[/et_pb_text][/et_pb_column][/et_pb_row][/et_pb_section]</p>

<p>Brel est mort mais il chante encore ! Il est là, avec ses bonbons, son enfance et ses amours qui ont mal aux dents… ses mots brûlent toujours bien au-delà des tours de Bruges et Gand.Dans ce spectacle intitulé « Brelgitude » et qui reprend, bien sûr, quelques-unes des plus belles chansons du grand Jacques, [&hellip;]</p>
