{"id":32,"date":"2024-05-03T13:04:54","date_gmt":"2024-05-03T13:04:54","guid":{"rendered":"https:\/\/brelgitude.be\/?page_id=32"},"modified":"2025-05-19T08:01:38","modified_gmt":"2025-05-19T08:01:38","slug":"artistes","status":"publish","type":"page","link":"https:\/\/brelgitude.be\/?page_id=32","title":{"rendered":"Artistes"},"content":{"rendered":"<p>[et_pb_section fb_built=\u00a0\u00bb1&Prime; _builder_version=\u00a0\u00bb4.25.0&Prime; _module_preset=\u00a0\u00bbdefault\u00a0\u00bb global_colors_info=\u00a0\u00bb{}\u00a0\u00bb][et_pb_row _builder_version=\u00a0\u00bb4.25.0&Prime; _module_preset=\u00a0\u00bbdefault\u00a0\u00bb global_colors_info=\u00a0\u00bb{}\u00a0\u00bb][et_pb_column type=\u00a0\u00bb4_4&Prime; _builder_version=\u00a0\u00bb4.25.0&Prime; _module_preset=\u00a0\u00bbdefault\u00a0\u00bb global_colors_info=\u00a0\u00bb{}\u00a0\u00bb][et_pb_post_title meta=\u00a0\u00bboff\u00a0\u00bb featured_image=\u00a0\u00bboff\u00a0\u00bb _builder_version=\u00a0\u00bb4.25.0&Prime; _module_preset=\u00a0\u00bbdefault\u00a0\u00bb title_font=\u00a0\u00bbAmita||on||||||\u00a0\u00bb global_colors_info=\u00a0\u00bb{}\u00a0\u00bb][\/et_pb_post_title][\/et_pb_column][\/et_pb_row][et_pb_row _builder_version=\u00a0\u00bb4.25.0&Prime; _module_preset=\u00a0\u00bbdefault\u00a0\u00bb global_colors_info=\u00a0\u00bb{}\u00a0\u00bb][et_pb_column type=\u00a0\u00bb4_4&Prime; _builder_version=\u00a0\u00bb4.25.0&Prime; _module_preset=\u00a0\u00bbdefault\u00a0\u00bb global_colors_info=\u00a0\u00bb{}\u00a0\u00bb][et_pb_tabs _builder_version=\u00a0\u00bb4.27.4&Prime; _module_preset=\u00a0\u00bbdefault\u00a0\u00bb hover_enabled=\u00a0\u00bb0&Prime; border_radii=\u00a0\u00bbon|10px|10px|10px|10px\u00a0\u00bb border_color_all=\u00a0\u00bb#E09900&Prime; box_shadow_style=\u00a0\u00bbpreset2&Prime; global_colors_info=\u00a0\u00bb{}\u00a0\u00bb sticky_enabled=\u00a0\u00bb0&Prime;][et_pb_tab title=\u00a0\u00bbDenis GABRIEL\u00a0\u00bb _builder_version=\u00a0\u00bb4.27.4&Prime; _module_preset=\u00a0\u00bbdefault\u00a0\u00bb tab_font_size=\u00a0\u00bb18px\u00a0\u00bb tab_text_shadow_style=\u00a0\u00bbpreset1&Prime; hover_enabled=\u00a0\u00bb0&Prime; sticky_enabled=\u00a0\u00bb0&Prime;]<\/p>\n<p style=\"text-align: justify;\">Initi\u00e9 \u00e0 la musique, et plus particuli\u00e8rement au chant, d\u00e8s son plus jeune \u00e2ge, Denis GABRIEL a nourri son parcours artistique sous la guidance d&rsquo;\u00c9lise Chantraine, v\u00e9ritable source intarissable de savoir. Il a poursuivi ses \u00e9tudes de chant au Conservatoire royal de Li\u00e8ge, dans la classe de la cantatrice Huberte Vecray-Duchamps, avant de b\u00e9n\u00e9ficier de l&rsquo;enseignement de Jos\u00e9 Van Dam au sein de la m\u00eame institution.<\/p>\n<p style=\"text-align: justify;\">Laur\u00e9at du Concours international de M\u00e9lodie et Oratorio de Clermont-Ferrand, et demi-finaliste du Concours international Julian Gayarre, pr\u00e9sid\u00e9 \u00e0 l\u2019\u00e9poque par Jos\u00e9 Carreras, Denis Gabriel s\u2019est forg\u00e9 une solide r\u00e9putation dans le milieu musical.<\/p>\n<p style=\"text-align: justify;\">Parall\u00e8lement \u00e0 sa carri\u00e8re de chanteur, il dirige plusieurs ensembles vocaux et a fond\u00e9 l\u2019asbl \u00ab Les Chemins d\u2019\u00c9lise \u00bb, ainsi que le festival d\u2019\u00e9t\u00e9 \u00ab Il pleut des cordes \u00bb \u00e0 Malmedy, un \u00e9v\u00e9nement qui met en lumi\u00e8re le talent de jeunes artistes. Passionn\u00e9 par Jacques Brel, il a donn\u00e9 naissance au projet \u00ab Brelgitude \u00bb, une cr\u00e9ation rendant hommage au c\u00e9l\u00e8bre chanteur belge.<\/p>\n<p>[\/et_pb_tab][et_pb_tab title=\u00a0\u00bbJoseph GABRIEL\u00a0\u00bb _builder_version=\u00a0\u00bb4.27.4&Prime; _module_preset=\u00a0\u00bbdefault\u00a0\u00bb tab_font_size=\u00a0\u00bb18px\u00a0\u00bb hover_enabled=\u00a0\u00bb0&Prime; tab_text_shadow_style=\u00a0\u00bbpreset1&Prime; tab_text_shadow_color=\u00a0\u00bb#939393&Prime; global_colors_info=\u00a0\u00bb{}\u00a0\u00bb sticky_enabled=\u00a0\u00bb0&Prime;]<\/p>\n<p class=\"Textbody\" style=\"text-align: justify;\"><span class=\"StrongEmphasis\"><span lang=\"FR\" style=\"color: black;\">Dipl\u00f4m\u00e9 du Conservatoire Royal de Li\u00e8ge o\u00f9 il a r\u00e9alis\u00e9 son cursus musical, Joseph poss\u00e8de un solide baguage pianistique et peut s\u2019adonner \u00e0 toutes les musiques qu\u2019il aime.<\/span><\/span><span lang=\"FR\"><o:p><\/o:p><\/span><\/p>\n<p class=\"Textbody\" style=\"text-align: justify;\"><span class=\"StrongEmphasis\"><span lang=\"FR\" style=\"color: black;\">Depuis deux ans il s\u2019enrichit au contact de musiciens de diverses origines et pratique avec talent, le jazz, le rock, la chanson, le rap\u2026. Sa main droite fluide, agile et rapide, son esprit cr\u00e9atif et son aisance dans l\u2019impro\u2026 sa bonne connaissance de l\u2019harmonie font de lui un partenaire musical appr\u00e9ci\u00e9. Il est \u00e9galement passionn\u00e9 d\u2019informatique et d\u2019\u00e9criture musicale et voyage adroitement de la musique acoustique aux langages num\u00e9riques.<\/span><\/span><span lang=\"FR\"><o:p><\/o:p><\/span><\/p>\n<p>[\/et_pb_tab][et_pb_tab title=\u00a0\u00bbVioletta KOLPAK\u00a0\u00bb _builder_version=\u00a0\u00bb4.27.4&Prime; _module_preset=\u00a0\u00bbdefault\u00a0\u00bb tab_font_size=\u00a0\u00bb18px\u00a0\u00bb tab_text_shadow_style=\u00a0\u00bbpreset1&Prime; global_colors_info=\u00a0\u00bb{}\u00a0\u00bb]<\/p>\n<p>En construction&#8230;<\/p>\n<p>[\/et_pb_tab][\/et_pb_tabs][\/et_pb_column][\/et_pb_row][\/et_pb_section]<\/p>\n","protected":false},"excerpt":{"rendered":"<p>Initi\u00e9 \u00e0 la musique, et plus particuli\u00e8rement au chant, d\u00e8s son plus jeune \u00e2ge, Denis GABRIEL a nourri son parcours artistique sous la guidance d&rsquo;\u00c9lise Chantraine, v\u00e9ritable source intarissable de savoir. Il a poursuivi ses \u00e9tudes de chant au Conservatoire royal de Li\u00e8ge, dans la classe de la cantatrice Huberte Vecray-Duchamps, avant de b\u00e9n\u00e9ficier de [&hellip;]<\/p>\n","protected":false},"author":2,"featured_media":0,"parent":0,"menu_order":0,"comment_status":"closed","ping_status":"closed","template":"","meta":{"_et_pb_use_builder":"on","_et_pb_old_content":"","_et_gb_content_width":"","footnotes":""},"class_list":["post-32","page","type-page","status-publish","hentry"],"_links":{"self":[{"href":"https:\/\/brelgitude.be\/index.php?rest_route=\/wp\/v2\/pages\/32"}],"collection":[{"href":"https:\/\/brelgitude.be\/index.php?rest_route=\/wp\/v2\/pages"}],"about":[{"href":"https:\/\/brelgitude.be\/index.php?rest_route=\/wp\/v2\/types\/page"}],"author":[{"embeddable":true,"href":"https:\/\/brelgitude.be\/index.php?rest_route=\/wp\/v2\/users\/2"}],"replies":[{"embeddable":true,"href":"https:\/\/brelgitude.be\/index.php?rest_route=%2Fwp%2Fv2%2Fcomments&post=32"}],"version-history":[{"count":7,"href":"https:\/\/brelgitude.be\/index.php?rest_route=\/wp\/v2\/pages\/32\/revisions"}],"predecessor-version":[{"id":126,"href":"https:\/\/brelgitude.be\/index.php?rest_route=\/wp\/v2\/pages\/32\/revisions\/126"}],"wp:attachment":[{"href":"https:\/\/brelgitude.be\/index.php?rest_route=%2Fwp%2Fv2%2Fmedia&parent=32"}],"curies":[{"name":"wp","href":"https:\/\/api.w.org\/{rel}","templated":true}]}}

<p>[et_pb_section fb_built= »1&Prime; _builder_version= »4.25.0&Prime; _module_preset= »default » global_colors_info= »{} »][et_pb_row _builder_version= »4.25.0&Prime; _module_preset= »default » global_colors_info= »{} »][et_pb_column type= »4_4&Prime; _builder_version= »4.25.0&Prime; _module_preset= »default » global_colors_info= »{} »][et_pb_post_title meta= »off » featured_image= »off » _builder_version= »4.25.0&Prime; _module_preset= »default » title_font= »Amita||on|||||| » global_colors_info= »{} »][/et_pb_post_title][/et_pb_column][/et_pb_row][et_pb_row _builder_version= »4.25.0&Prime; _module_preset= »default » global_colors_info= »{} »][et_pb_column type= »4_4&Prime; _builder_version= »4.25.0&Prime; _module_preset= »default » global_colors_info= »{} »][et_pb_tabs _builder_version= »4.27.4&Prime; _module_preset= »default » hover_enabled= »0&Prime; border_radii= »on|10px|10px|10px|10px » border_color_all= »#E09900&Prime; box_shadow_style= »preset2&Prime; global_colors_info= »{} » sticky_enabled= »0&Prime;][et_pb_tab title= »Denis GABRIEL » _builder_version= »4.27.4&Prime; _module_preset= »default » tab_font_size= »18px » tab_text_shadow_style= »preset1&Prime; hover_enabled= »0&Prime; sticky_enabled= »0&Prime;]</p>
<p style="text-align: justify;">Initié à la musique, et plus particulièrement au chant, dès son plus jeune âge, Denis GABRIEL a nourri son parcours artistique sous la guidance d&rsquo;Élise Chantraine, véritable source intarissable de savoir. Il a poursuivi ses études de chant au Conservatoire royal de Liège, dans la classe de la cantatrice Huberte Vecray-Duchamps, avant de bénéficier de l&rsquo;enseignement de José Van Dam au sein de la même institution.</p>
<p style="text-align: justify;">Lauréat du Concours international de Mélodie et Oratorio de Clermont-Ferrand, et demi-finaliste du Concours international Julian Gayarre, présidé à l’époque par José Carreras, Denis Gabriel s’est forgé une solide réputation dans le milieu musical.</p>
<p style="text-align: justify;">Parallèlement à sa carrière de chanteur, il dirige plusieurs ensembles vocaux et a fondé l’asbl « Les Chemins d’Élise », ainsi que le festival d’été « Il pleut des cordes » à Malmedy, un événement qui met en lumière le talent de jeunes artistes. Passionné par Jacques Brel, il a donné naissance au projet « Brelgitude », une création rendant hommage au célèbre chanteur belge.</p>
<p>[/et_pb_tab][et_pb_tab title= »Joseph GABRIEL » _builder_version= »4.27.4&Prime; _module_preset= »default » tab_font_size= »18px » hover_enabled= »0&Prime; tab_text_shadow_style= »preset1&Prime; tab_text_shadow_color= »#939393&Prime; global_colors_info= »{} » sticky_enabled= »0&Prime;]</p>
<p class="Textbody" style="text-align: justify;"><span class="StrongEmphasis"><span lang="FR" style="color: black;">Diplômé du Conservatoire Royal de Liège où il a réalisé son cursus musical, Joseph possède un solide baguage pianistique et peut s’adonner à toutes les musiques qu’il aime.</span></span><span lang="FR"><o:p></o:p></span></p>
<p class="Textbody" style="text-align: justify;"><span class="StrongEmphasis"><span lang="FR" style="color: black;">Depuis deux ans il s’enrichit au contact de musiciens de diverses origines et pratique avec talent, le jazz, le rock, la chanson, le rap…. Sa main droite fluide, agile et rapide, son esprit créatif et son aisance dans l’impro… sa bonne connaissance de l’harmonie font de lui un partenaire musical apprécié. Il est également passionné d’informatique et d’écriture musicale et voyage adroitement de la musique acoustique aux langages numériques.</span></span><span lang="FR"><o:p></o:p></span></p>
<p>[/et_pb_tab][et_pb_tab title= »Violetta KOLPAK » _builder_version= »4.27.4&Prime; _module_preset= »default » tab_font_size= »18px » tab_text_shadow_style= »preset1&Prime; global_colors_info= »{} »]</p>
<p>En construction&#8230;</p>
<p>[/et_pb_tab][/et_pb_tabs][/et_pb_column][/et_pb_row][/et_pb_section]</p>

<p>Initié à la musique, et plus particulièrement au chant, dès son plus jeune âge, Denis GABRIEL a nourri son parcours artistique sous la guidance d&rsquo;Élise Chantraine, véritable source intarissable de savoir. Il a poursuivi ses études de chant au Conservatoire royal de Liège, dans la classe de la cantatrice Huberte Vecray-Duchamps, avant de bénéficier de [&hellip;]</p>
